{"id":2105,"date":"2019-10-01T15:52:50","date_gmt":"2019-10-01T13:52:50","guid":{"rendered":"https:\/\/www.neo-life.de\/html\/?post_type=product&#038;p=2105"},"modified":"2023-09-21T21:44:14","modified_gmt":"2023-09-21T19:44:14","slug":"led-neon-flex-led-homogen-beleuchtung-led-streifen-230v-orange-494-meter-rolle","status":"publish","type":"product","link":"https:\/\/www.neo-life.de\/html\/https:\/www.neo-life.de\/html\/shop\/produkt\/led-neon-flex-led-homogen-beleuchtung-led-streifen-230v-orange-494-meter-rolle\/","title":{"rendered":"LED Neon Flex LED Homogen Beleuchtung LED Streifen 230V Orange 49,4 Meter Rolle"},"content":{"rendered":"<p>&nbsp;<\/p>\n<ul>\n<li><span class=\"a-list-item\"> LED Neon Flex Lichtprofil ist eine echte Alternative zu bisherigen Neon-R\u00f6hren. Im Gegensatz zur R\u00f6hren-Technik k\u00f6nnen LED Neon Flex jedoch jederzeit selbst gek\u00fcrzt und flexibel verlegt werden. Sie sind zudem sto\u00dfresistent und unzerbrechlich. Formen Sie Buchstaben und Figuren oder schaffen Sie einen Blickfang mit ansprechenden und emotionalen Deko-Lines ganz nach Ihren Belieben. <\/span><\/li>\n<li><span class=\"a-list-item\"> LED Schlauch Orange 3,94W\/m 230V auf 49.4m Rolle Schnittl\u00e4nge:1.52m <\/span><\/li>\n<li>Abmessungen:15x27mm<\/li>\n<li><span class=\"a-list-item\"> Led Homogen Beleuchtung und ohne Einzelnen Lichtpunkten <\/span><\/li>\n<li><span class=\"a-list-item\"> Hohe Effizienz, geringer Energieverlust <\/span><\/li>\n<li><span class=\"a-list-item\"> inkl.1,5m 2\u00d71.0mm\u00b2 Gummikabel mit Schukostecker und Konverter und Frontanschlu\u00df.Pin und Endkappe <\/span><\/li>\n<\/ul>\n<p>&nbsp;<\/p>\n","protected":false},"excerpt":{"rendered":"<p>&nbsp; LED Neon Flex Lichtprofil ist eine echte Alternative zu bisherigen Neon-R\u00f6hren. Im Gegensatz zur R\u00f6hren-Technik k\u00f6nnen LED Neon Flex jedoch jederzeit selbst gek\u00fcrzt und flexibel verlegt werden. Sie sind zudem sto\u00dfresistent und unzerbrechlich. Formen Sie<a class=\"moretag\" href=\"https:\/\/www.neo-life.de\/html\/https:\/www.neo-life.de\/html\/shop\/produkt\/led-neon-flex-led-homogen-beleuchtung-led-streifen-230v-orange-494-meter-rolle\/\">Read More&#8230;<\/a><\/p>\n","protected":false},"featured_media":2106,"comment_status":"closed","ping_status":"closed","template":"","meta":[],"product_brand":[],"product_cat":[7],"product_tag":[],"class_list":{"0":"post-2105","1":"product","2":"type-product","3":"status-publish","4":"has-post-thumbnail","6":"product_cat-restposten-led-neon-flex","8":"first","9":"instock","10":"downloadable","11":"shipping-taxable","12":"purchasable","13":"product-type-simple"},"aioseo_notices":[],"_links":{"self":[{"href":"https:\/\/www.neo-life.de\/html\/wp-json\/wp\/v2\/product\/2105","targetHints":{"allow":["GET"]}}],"collection":[{"href":"https:\/\/www.neo-life.de\/html\/wp-json\/wp\/v2\/product"}],"about":[{"href":"https:\/\/www.neo-life.de\/html\/wp-json\/wp\/v2\/types\/product"}],"replies":[{"embeddable":true,"href":"https:\/\/www.neo-life.de\/html\/wp-json\/wp\/v2\/comments?post=2105"}],"wp:featuredmedia":[{"embeddable":true,"href":"https:\/\/www.neo-life.de\/html\/wp-json\/wp\/v2\/media\/2106"}],"wp:attachment":[{"href":"https:\/\/www.neo-life.de\/html\/wp-json\/wp\/v2\/media?parent=2105"}],"wp:term":[{"taxonomy":"product_brand","embeddable":true,"href":"https:\/\/www.neo-life.de\/html\/wp-json\/wp\/v2\/product_brand?post=2105"},{"taxonomy":"product_cat","embeddable":true,"href":"https:\/\/www.neo-life.de\/html\/wp-json\/wp\/v2\/product_cat?post=2105"},{"taxonomy":"product_tag","embeddable":true,"href":"https:\/\/www.neo-life.de\/html\/wp-json\/wp\/v2\/product_tag?post=2105"}],"curies":[{"name":"wp","href":"https:\/\/api.w.org\/{rel}","templated":true}]}}