{"id":308,"date":"2015-04-22T14:12:54","date_gmt":"2015-04-22T12:12:54","guid":{"rendered":"https:\/\/www.neo-life.de\/html\/?page_id=308"},"modified":"2019-11-03T20:39:31","modified_gmt":"2019-11-03T19:39:31","slug":"led-t8-steckroehren-system-erweiterbar","status":"publish","type":"page","link":"https:\/\/www.neo-life.de\/html\/industrial-commercial\/led-t8-steckroehren-system-erweiterbar\/","title":{"rendered":"LED T8 Steckr\u00f6hren SYSTEM"},"content":{"rendered":"<h3 style=\"text-align: left;\">LED T8 erweiterbares Steckr\u00f6hren-System<\/h3>\n<p>Das neue LED T8 Steckr\u00f6hren-Ersatzsystem als energieeffizienter Ersatz konventioneller T8 Beleuchtungsl\u00f6sungen ist effektiv und elegant gestaltet.<br \/>\nDas LED T8 Steckr\u00f6hren-Ersatzsystem eignet sich f\u00fcr sichtbare Felder von Decken- oder Wandbeleuchtung und als vielseitige L\u00f6sung f\u00fcr indirekte Beleuchtung. Es kann konventionelle Leuchtstoffr\u00f6hrensysteme energiesparend ersetzen.<\/p>\n<p>Die LED T8 Steckr\u00f6hre enth\u00e4lt die neueste SMD 3528 LED-Technologie mit besonders hoher wei\u00dfer Leuchtkraft und liefert einen zu Standard-Leuchtstoffr\u00f6hren vergleichbaren Lichtstandard, komplette Baus\u00e4tze f\u00fcr einfache Montage mit schnellen, einfachen und flexiblen Verbindungsm\u00f6glichkeiten und sauberen Abschl\u00fcssen mit passenden Endkappen machen den Einsatz zum Kinderspiel.<\/p>\n<p>Das neue LED T8 Steckr\u00f6hren-System kann ganz einfach zusammengesteckt oder mit unserem umfangreichen Zubeh\u00f6r verwendet werden, um Netze und geformte Beleuchtungsfelder zu schaffen. Gegen\u00fcber konventionellen Leuchtstoffr\u00f6hren erscheint das neue LED T8 Steckr\u00f6hren-System besonders leicht und elegant, da die R\u00f6hre an sich leuchtet und kein Geh\u00e4use ben\u00f6tigt wird. Es wird von unscheinbaren Klipps gehalten. Es k\u00f6nnen bis zu 30m Gesamtl\u00e4nge hintereinander gesteckt werden je Anschlusskabel.<\/p>\n<p><a href=\"https:\/\/www.neo-life.de\/html\/industrial-commercial\/led-t8-steckroehren-system-erweiterbar\/led-t8-steckro%cc%88hren-system-mit-smd-technologie\/\"><img loading=\"lazy\" decoding=\"async\" class=\"alignleft wp-image-2312 size-thumbnail\" src=\"https:\/\/www.neo-life.de\/html\/wp-content\/uploads\/2019\/11\/LED-T8-Steckro\u0308hren-System-mit-SMD-Technologie-150x150.jpg\" alt=\"LED T8 Steckr\u00f6hren-System mit SMD-Technologie\" width=\"150\" height=\"150\" srcset=\"https:\/\/www.neo-life.de\/html\/wp-content\/uploads\/2019\/11\/LED-T8-Steckro\u0308hren-System-mit-SMD-Technologie-150x150.jpg 150w, https:\/\/www.neo-life.de\/html\/wp-content\/uploads\/2019\/11\/LED-T8-Steckro\u0308hren-System-mit-SMD-Technologie-300x300.jpg 300w, https:\/\/www.neo-life.de\/html\/wp-content\/uploads\/2019\/11\/LED-T8-Steckro\u0308hren-System-mit-SMD-Technologie-220x220.jpg 220w, https:\/\/www.neo-life.de\/html\/wp-content\/uploads\/2019\/11\/LED-T8-Steckro\u0308hren-System-mit-SMD-Technologie-32x32.jpg 32w, https:\/\/www.neo-life.de\/html\/wp-content\/uploads\/2019\/11\/LED-T8-Steckro\u0308hren-System-mit-SMD-Technologie-100x100.jpg 100w\" sizes=\"auto, (max-width: 150px) 100vw, 150px\" \/><\/a><\/p>\n<div id=\"attachment_292\" style=\"width: 130px\" class=\"wp-caption alignleft\"><a href=\"https:\/\/www.neo-life.de\/html\/?page_id=288\"><img loading=\"lazy\" decoding=\"async\" aria-describedby=\"caption-attachment-292\" class=\"wp-image-292\" src=\"https:\/\/www.neo-life.de\/html\/wp-content\/uploads\/2015\/04\/Envoy-e1429703171367.jpg\" alt=\"Erweiterbares LED T8 Steckr\u00f6hren-System mit SMD-Technologie\" width=\"120\" height=\"78\"><\/a><p id=\"caption-attachment-292\" class=\"wp-caption-text\"><strong>60cm<\/strong><\/p><\/div>\n<div id=\"attachment_292\" style=\"width: 130px\" class=\"wp-caption alignleft\"><a href=\"https:\/\/www.neo-life.de\/html\/?page_id=318\"><img loading=\"lazy\" decoding=\"async\" aria-describedby=\"caption-attachment-292\" class=\"wp-image-292\" src=\"https:\/\/www.neo-life.de\/html\/wp-content\/uploads\/2015\/04\/Envoy-e1429703171367.jpg\" alt=\"Erweiterbares LED T8 Steckr\u00f6hren-System mit SMD-Technologie\" width=\"120\" height=\"78\"><\/a><p id=\"caption-attachment-292\" class=\"wp-caption-text\"><strong>90cm<\/strong><\/p><\/div>\n<div id=\"attachment_292\" style=\"width: 130px\" class=\"wp-caption alignleft\"><a href=\"https:\/\/www.neo-life.de\/html\/?page_id=324\"><img loading=\"lazy\" decoding=\"async\" aria-describedby=\"caption-attachment-292\" class=\"wp-image-292\" src=\"https:\/\/www.neo-life.de\/html\/wp-content\/uploads\/2015\/04\/Envoy-e1429703171367.jpg\" alt=\"Erweiterbares LED T8 Steckr\u00f6hren-System mit SMD-Technologie\" width=\"120\" height=\"78\"><\/a><p id=\"caption-attachment-292\" class=\"wp-caption-text\"><strong>120cm<\/strong><\/p><\/div>\n<div id=\"attachment_292\" style=\"width: 130px\" class=\"wp-caption alignleft\"><a href=\"https:\/\/www.neo-life.de\/html\/?page_id=328\"><img loading=\"lazy\" decoding=\"async\" aria-describedby=\"caption-attachment-292\" class=\"wp-image-292\" src=\"https:\/\/www.neo-life.de\/html\/wp-content\/uploads\/2015\/04\/Envoy-e1429703171367.jpg\" alt=\"Erweiterbares LED T8 Steckr\u00f6hren-System mit SMD-Technologie\" width=\"120\" height=\"78\"><\/a><p id=\"caption-attachment-292\" class=\"wp-caption-text\"><strong>240cm<\/strong><\/p><\/div>\n<table width=\"857\" cellspacing=\"0\" cellpadding=\"0\" border=\"0\">\n<colgroup>\n<col width=\"206\" span=\"2\">\n<col width=\"198\">\n<col width=\"247\"><\/colgroup>\n<tbody>\n<tr>\n<td width=\"206\" height=\"20\">Zubeh\u00f6r<\/td>\n<td width=\"206\"><\/td>\n<td width=\"198\"><\/td>\n<td width=\"247\"><\/td>\n<\/tr>\n<\/tbody>\n<\/table>\n<div id=\"attachment_289\" style=\"width: 160px\" class=\"wp-caption alignleft\"><a href=\"https:\/\/www.neo-life.de\/html\/wp-content\/uploads\/2015\/04\/07-B.jpg\"><img loading=\"lazy\" decoding=\"async\" aria-describedby=\"caption-attachment-289\" class=\"wp-image-289 size-thumbnail\" src=\"https:\/\/www.neo-life.de\/html\/wp-content\/uploads\/2015\/04\/07-B-150x150.jpg\" alt=\"T8 Anschlusskabel\" width=\"150\" height=\"150\" srcset=\"https:\/\/www.neo-life.de\/html\/wp-content\/uploads\/2015\/04\/07-B-150x150.jpg 150w, https:\/\/www.neo-life.de\/html\/wp-content\/uploads\/2015\/04\/07-B-100x100.jpg 100w\" sizes=\"auto, (max-width: 150px) 100vw, 150px\" \/><\/a><p id=\"caption-attachment-289\" class=\"wp-caption-text\">T8 Anschlusskabel<\/p><\/div>\n<div id=\"attachment_296\" style=\"width: 160px\" class=\"wp-caption alignleft\"><a href=\"https:\/\/www.neo-life.de\/html\/wp-content\/uploads\/2015\/04\/5.jpg\"><img loading=\"lazy\" decoding=\"async\" aria-describedby=\"caption-attachment-296\" class=\"wp-image-296 size-thumbnail\" src=\"https:\/\/www.neo-life.de\/html\/wp-content\/uploads\/2015\/04\/5-150x150.jpg\" alt=\"T8 Verbindungskabel\" width=\"150\" height=\"150\" srcset=\"https:\/\/www.neo-life.de\/html\/wp-content\/uploads\/2015\/04\/5-150x150.jpg 150w, https:\/\/www.neo-life.de\/html\/wp-content\/uploads\/2015\/04\/5-100x100.jpg 100w\" sizes=\"auto, (max-width: 150px) 100vw, 150px\" \/><\/a><p id=\"caption-attachment-296\" class=\"wp-caption-text\">T8 Verbindungskabel<\/p><\/div>\n<div id=\"attachment_290\" style=\"width: 210px\" class=\"wp-caption alignleft\"><a href=\"https:\/\/www.neo-life.de\/html\/wp-content\/uploads\/2015\/04\/10.jpg\"><img loading=\"lazy\" decoding=\"async\" aria-describedby=\"caption-attachment-290\" class=\"wp-image-290\" src=\"https:\/\/www.neo-life.de\/html\/wp-content\/uploads\/2015\/04\/10-300x225.jpg\" alt=\"T8 Kreuzverbinder\" width=\"200\" height=\"150\" srcset=\"https:\/\/www.neo-life.de\/html\/wp-content\/uploads\/2015\/04\/10-300x225.jpg 300w, https:\/\/www.neo-life.de\/html\/wp-content\/uploads\/2015\/04\/10-672x504.jpg 672w, https:\/\/www.neo-life.de\/html\/wp-content\/uploads\/2015\/04\/10-100x75.jpg 100w, https:\/\/www.neo-life.de\/html\/wp-content\/uploads\/2015\/04\/10.jpg 700w\" sizes=\"auto, (max-width: 200px) 100vw, 200px\" \/><\/a><p id=\"caption-attachment-290\" class=\"wp-caption-text\">T8 Kreuzverbinder<\/p><\/div>\n<div id=\"attachment_291\" style=\"width: 160px\" class=\"wp-caption alignleft\"><a href=\"https:\/\/www.neo-life.de\/html\/wp-content\/uploads\/2015\/04\/End-Cap.jpg\"><img loading=\"lazy\" decoding=\"async\" aria-describedby=\"caption-attachment-291\" class=\"wp-image-291 size-thumbnail\" src=\"https:\/\/www.neo-life.de\/html\/wp-content\/uploads\/2015\/04\/End-Cap-150x150.jpg\" alt=\"T8 Endkappe\" width=\"150\" height=\"150\" srcset=\"https:\/\/www.neo-life.de\/html\/wp-content\/uploads\/2015\/04\/End-Cap-150x150.jpg 150w, https:\/\/www.neo-life.de\/html\/wp-content\/uploads\/2015\/04\/End-Cap-100x100.jpg 100w\" sizes=\"auto, (max-width: 150px) 100vw, 150px\" \/><\/a><p id=\"caption-attachment-291\" class=\"wp-caption-text\">T8 Endkappe<\/p><\/div>\n<div id=\"attachment_293\" style=\"width: 160px\" class=\"wp-caption alignleft\"><a href=\"https:\/\/www.neo-life.de\/html\/wp-content\/uploads\/2015\/04\/Round-Square-Envoy-X-Coupler.jpg\"><img loading=\"lazy\" decoding=\"async\" aria-describedby=\"caption-attachment-293\" class=\"wp-image-293 size-thumbnail\" src=\"https:\/\/www.neo-life.de\/html\/wp-content\/uploads\/2015\/04\/Round-Square-Envoy-X-Coupler-150x150.jpg\" alt=\"Round-Square-Envoy-X-Coupler\" width=\"150\" height=\"150\" srcset=\"https:\/\/www.neo-life.de\/html\/wp-content\/uploads\/2015\/04\/Round-Square-Envoy-X-Coupler-150x150.jpg 150w, https:\/\/www.neo-life.de\/html\/wp-content\/uploads\/2015\/04\/Round-Square-Envoy-X-Coupler-100x100.jpg 100w\" sizes=\"auto, (max-width: 150px) 100vw, 150px\" \/><\/a><p id=\"caption-attachment-293\" class=\"wp-caption-text\">Kreuzverbinder (rund-eckig kodiert)<\/p><\/div>\n","protected":false},"excerpt":{"rendered":"<p>LED T8 erweiterbares Steckr\u00f6hren-System Das neue LED T8 Steckr\u00f6hren-Ersatzsystem als energieeffizienter Ersatz konventioneller T8 Beleuchtungsl\u00f6sungen ist effektiv und elegant gestaltet. Das LED T8 Steckr\u00f6hren-Ersatzsystem eignet sich f\u00fcr sichtbare Felder von Decken- oder Wandbeleuchtung und als vielseitige<a class=\"moretag\" href=\"https:\/\/www.neo-life.de\/html\/industrial-commercial\/led-t8-steckroehren-system-erweiterbar\/\">Read More&#8230;<\/a><\/p>\n","protected":false},"author":2,"featured_media":294,"parent":19,"menu_order":0,"comment_status":"closed","ping_status":"closed","template":"","meta":{"footnotes":""},"class_list":["post-308","page","type-page","status-publish","has-post-thumbnail","hentry"],"aioseo_notices":[],"_links":{"self":[{"href":"https:\/\/www.neo-life.de\/html\/wp-json\/wp\/v2\/pages\/308","targetHints":{"allow":["GET"]}}],"collection":[{"href":"https:\/\/www.neo-life.de\/html\/wp-json\/wp\/v2\/pages"}],"about":[{"href":"https:\/\/www.neo-life.de\/html\/wp-json\/wp\/v2\/types\/page"}],"author":[{"embeddable":true,"href":"https:\/\/www.neo-life.de\/html\/wp-json\/wp\/v2\/users\/2"}],"replies":[{"embeddable":true,"href":"https:\/\/www.neo-life.de\/html\/wp-json\/wp\/v2\/comments?post=308"}],"version-history":[{"count":31,"href":"https:\/\/www.neo-life.de\/html\/wp-json\/wp\/v2\/pages\/308\/revisions"}],"predecessor-version":[{"id":2315,"href":"https:\/\/www.neo-life.de\/html\/wp-json\/wp\/v2\/pages\/308\/revisions\/2315"}],"up":[{"embeddable":true,"href":"https:\/\/www.neo-life.de\/html\/wp-json\/wp\/v2\/pages\/19"}],"wp:featuredmedia":[{"embeddable":true,"href":"https:\/\/www.neo-life.de\/html\/wp-json\/wp\/v2\/media\/294"}],"wp:attachment":[{"href":"https:\/\/www.neo-life.de\/html\/wp-json\/wp\/v2\/media?parent=308"}],"curies":[{"name":"wp","href":"https:\/\/api.w.org\/{rel}","templated":true}]}}