{"id":1519,"date":"2017-03-02T13:05:11","date_gmt":"2017-03-02T12:05:11","guid":{"rendered":"https:\/\/www.neo-life.de\/html\/?page_id=1519"},"modified":"2017-03-02T13:09:02","modified_gmt":"2017-03-02T12:09:02","slug":"fs-l-cap","status":"publish","type":"page","link":"https:\/\/www.neo-life.de\/html\/fs-l-cap\/","title":{"rendered":"FS-L-CAP"},"content":{"rendered":"<div id=\"attachment_1470\" style=\"width: 450px\" class=\"wp-caption alignleft\"><a href=\"https:\/\/www.neo-life.de\/html\/neon-flex-zubehoer\/img-e-php\/\" rel=\"attachment wp-att-1470\"><img loading=\"lazy\" decoding=\"async\" aria-describedby=\"caption-attachment-1470\" class=\"wp-image-1470 size-full\" src=\"https:\/\/www.neo-life.de\/html\/wp-content\/uploads\/2017\/03\/img-e.php_.jpg\" width=\"440\" height=\"440\" srcset=\"https:\/\/www.neo-life.de\/html\/wp-content\/uploads\/2017\/03\/img-e.php_.jpg 440w, https:\/\/www.neo-life.de\/html\/wp-content\/uploads\/2017\/03\/img-e.php_-100x100.jpg 100w, https:\/\/www.neo-life.de\/html\/wp-content\/uploads\/2017\/03\/img-e.php_-150x150.jpg 150w, https:\/\/www.neo-life.de\/html\/wp-content\/uploads\/2017\/03\/img-e.php_-300x300.jpg 300w, https:\/\/www.neo-life.de\/html\/wp-content\/uploads\/2017\/03\/img-e.php_-220x220.jpg 220w\" sizes=\"auto, (max-width: 440px) 100vw, 440px\" \/><\/a><p id=\"caption-attachment-1470\" class=\"wp-caption-text\">FS-L-CAP<\/p><\/div>\n<h3>Abschlu\u00dfst\u00fcck f\u00fcr LED Neon-Flex<\/h3>\n<p>Zur Verwendung mit 240V und 24V LED NeonFlex.<\/p>\n","protected":false},"excerpt":{"rendered":"<p>Abschlu\u00dfst\u00fcck f\u00fcr LED Neon-Flex Zur Verwendung mit 240V und 24V LED NeonFlex.<\/p>\n","protected":false},"author":2,"featured_media":0,"parent":0,"menu_order":0,"comment_status":"closed","ping_status":"closed","template":"","meta":{"footnotes":""},"class_list":["post-1519","page","type-page","status-publish","hentry"],"aioseo_notices":[],"_links":{"self":[{"href":"https:\/\/www.neo-life.de\/html\/wp-json\/wp\/v2\/pages\/1519","targetHints":{"allow":["GET"]}}],"collection":[{"href":"https:\/\/www.neo-life.de\/html\/wp-json\/wp\/v2\/pages"}],"about":[{"href":"https:\/\/www.neo-life.de\/html\/wp-json\/wp\/v2\/types\/page"}],"author":[{"embeddable":true,"href":"https:\/\/www.neo-life.de\/html\/wp-json\/wp\/v2\/users\/2"}],"replies":[{"embeddable":true,"href":"https:\/\/www.neo-life.de\/html\/wp-json\/wp\/v2\/comments?post=1519"}],"version-history":[{"count":3,"href":"https:\/\/www.neo-life.de\/html\/wp-json\/wp\/v2\/pages\/1519\/revisions"}],"predecessor-version":[{"id":1523,"href":"https:\/\/www.neo-life.de\/html\/wp-json\/wp\/v2\/pages\/1519\/revisions\/1523"}],"wp:attachment":[{"href":"https:\/\/www.neo-life.de\/html\/wp-json\/wp\/v2\/media?parent=1519"}],"curies":[{"name":"wp","href":"https:\/\/api.w.org\/{rel}","templated":true}]}}